) = d**2 + 11*d + 3. Calculate the remainder when h(y) is divided by 8.
7
Suppose -17*u + 14*u = 3*y - 1164, -1942 = -5*u - 3*y. Calculate the remainder when u is divided by 5.
4
Suppose p = 6*p - 30. Suppose p*r = 4*r + 4. Suppose 2*v = 2*t - 78, -8*v + 78 = r*t - 3*v. Calculate the remainder when t is divided by 21.
18
Let c = -308 + 551. Calculate the remainder when c is divided by 35.
33
Suppose 2*x - 485 = -5*s, -8*s + 10*s = -2*x + 200. Calculate the remainder when s is divided by 14.
11
Let v(h) = h**3 + 4*h**2 + 6*h + 12. Suppose 5*l = l + 60. What is the remainder when l is divided by v(-3)?
0
Let q(y) be the third derivative of y**6/120 - 2*y**5/15 + y**4/3 + 11*y**3/6 + 71*y**2 + 3. Let h = 23 - 16. What is the remainder when 68 is divided by q(h)?
14
Suppose -24*z + 15 = -23*z + a, -z + 3*a = -23. What is the remainder when 93 is divided by z?
8
Suppose 2521 + 12221 = 18*u. Calculate the remainder when u is divided by 46.
37
Let g = -470 + 649. Calculate the remainder when 181 is divided by g.
2
Suppose 0 = 3*r - k - 146, 5*r - 108 = 3*k + 142. Calculate the remainder when 278 is divided by r.
43
Let m(g) = 4*g**2 + 5*g + 2. Suppose y - 8 = -11. Calculate the remainder when 88 is divided by m(y).
19
Let g = -266 - -433. What is the remainder when g is divided by 10?
7
Let g be (60/(-9))/((-3)/9). Let b be (g/(-30))/((-4)/(-54)). What is the remainder when 3*(-2 + (-75)/b) is divided by 11?
8
Let d = 321 + -284. Suppose m = -5*t + 109, -8*m + t + 545 = -3*m. Calculate the remainder when m is divided by d.
35
Suppose l = -5*g - 368, -2*g = -4*g + l - 150. Let b = -48 - g. What is the remainder when 48 is divided by b?
22
Let o(t) = 2*t - 10. Let m be o(5). Suppose -2*f + 1 - 9 = m. Let u(v) = -7*v - 1. Calculate the remainder when 53 is divided by u(f).
26
What is the remainder when 462 is divided by 31*(3 + 12/(-6))?
28
Suppose -3*i - 3*q - 5 = -2, 0 = -3*i - 2*q - 1. Calculate the remainder when (i - 1*26)*(20 + -23) is divided by 26.
23
Suppose -136 + 72 = 4*c. Let v be 87/4 + 1/4. Let w = v + c. What is the remainder when 23 is divided by w?
5
Let r = 16 - 12. Suppose 76 = 2*a + 5*i, 103 = r*a - i - 49. Let o = -22 + a. What is the remainder when 31 is divided by o?
15
Calculate the remainder when 128 is divided by -6 - (-22 + (-6 - -3)).
14
Suppose -2*f + f - 2 = 0. Calculate the remainder when (-37 + 11)/(f - -1) is divided by 14.
12
What is the remainder when 154 is divided by (-4)/(55/(-135) + (-3)/(-9))?
46
Suppose -14*f + 10*f = -60. What is the remainder when f is divided by 12/(-2)*10/(-30)?
1
Let j be (10/25)/((-3)/(-30)). Suppose -3*u + j + 17 = 0. What is the remainder when 20 is divided by u?
6
Let l = 1085 - 1039. Calculate the remainder when 686 is divided by l.
42
Let i(o) = 12*o**2. Let h be i(-1). Let f(m) = m**2 - 9*m - 14. What is the remainder when f(h) is divided by 8?
6
Suppose -5 - 7 = -4*h. Suppose 7*a - h*a - 16 = 0. What is the remainder when 17 is divided by a?
1
Let u(n) = -n**2 - 26*n**3 - 1 - 33*n**3 + 3*n + 5 - 1. Calculate the remainder when u(-1) is divided by 12.
10
Let l = -10 - -22. Let d = l + 7. What is the remainder when 32 is divided by d?
13
Let d = -245 + 175. Let u = -19 - d. Calculate the remainder when u is divided by 13.
12
Let y = 11 + -7. Suppose 2*f - 2*h = f + 4, -46 = -y*f + 2*h. Calculate the remainder when (-488)/(-9) + (-20)/90 is divided by f.
12
Let s = -596 + 841. Calculate the remainder when s is divided by 31.
28
Let y(f) = -f**3 - 20*f**2 - 19*f + 8. Let q be y(-19). Suppose 0 = q*h - 7*h - 15. What is the remainder when h is divided by 8?
7
Let d be 2/(-10) - (-6)/30. Suppose d = 3*a - 3*z - 231, -3*a + 339 - 106 = -4*z. Suppose 0 = 5*u - a - 0. Calculate the remainder when u is divided by 9.
6
Let y(x) = -x**2 + 23*x - 26. Let o(d) = -5*d - 35. Let g be o(-11). Calculate the remainder when 135 is divided by y(g).
33
Let p = -10 + 24. Let s = -134 - -169. What is the remainder when s is divided by p?
7
Suppose 26 = 4*g + 2. Suppose r = g*r - 20. What is the remainder when 0 + 1 + r + 3 is divided by 3?
2
Suppose -535*i = -533*i - 32. Calculate the remainder when 52 is divided by i.
4
Let o be 6 + (-8 - (-2 - 2)). Suppose -16 = -o*w + 18. Calculate the remainder when 31 is divided by w.
14
Suppose -32 = -15*j + 13*j. What is the remainder when 63 is divided by j?
15
Let p be (-13)/((-1)/8*2). Suppose -4*u + 0*u = -p. Let x = u - 12. Calculate the remainder when 1 is divided by x.
0
Let q(k) = -5*k + 29. Let s(b) = -b**3 - 14*b**2 + 32*b + 2. Let j be s(-16). Suppose 0*u + 14 = 2*u. Calculate the remainder when q(j) is divided by u.
5
Let z = 18 + -11. Calculate the remainder when (-4 + 65/15)*(-9 - -45) is divided by z.
5
Suppose -3*i - 1105 - 303 = -5*p, -8 = -2*i. What is the remainder when p is divided by 16?
12
What is the remainder when 194 is divided by (-91)/(-182) - (-258)/4?
64
Let y(j) = -6*j + 111. What is the remainder when y(11) is divided by 12?
9
Let b = 690 + -605. Calculate the remainder when b is divided by 13.
7
Suppose 9*a + 241 = 385. What is the remainder when 140 is divided by a?
12
Let o(d) = -d**3 + 59*d**2 + 188*d - 24. What is the remainder when o(62) is divided by 17?
15
Let g = 15 + -28. Suppose -4*x + 54 = -5*a - 2*x, -5*a + x - 52 = 0. Let i = a - g. Calculate the remainder when i is divided by 2.
1
Let c(z) = z - 23. Let v be c(27). Suppose 19 = u + j, j + 3*j + v = 0. What is the remainder when 37 is divided by u?
17
Suppose 17*h - 470 = 737. What is the remainder when 170 is divided by h?
28
Let v(k) = 4*k**2 - k + 5. Let l be v(0). Let d = 135 - 47. Suppose h + d = l*h. What is the remainder when 42 is divided by h?
20
Let j(t) = t**3 + 8*t**2 + 8*t + 4. What is the remainder when j(-6) is divided by 3?
1
What is the remainder when 140/(-6)*-6*48/20 is divided by 85?
81
Let g = 33 - 27. Let k(f) = 8*f + 1. Let v(h) = -47*h - 7. Let c(p) = g*v(p) + 39*k(p). Calculate the remainder when c(2) is divided by 15.
12
Let l = -60 - -191. Calculate the remainder when l is divided by 23.
16
Let h(o) = o**2 + 8*o + 35. What is the remainder when h(6) is divided by 30?
29
Let r(m) = m**2 + 8*m - 1. Let h be r(-7). Let u(v) be the first derivative of -v**3/3 - 4*v**2 + 4*v - 23. What is the remainder when 11 is divided by u(h)?
3
Let f(h) = 2*h**2 + 13*h + 9. Let p be f(-6). Suppose -5*b + 3*o = -89, 4*b - 78 = -0*b - o. What is the remainder when (280/12)/(2/p) is divided by b?
16
Suppose 0 = -16*z - 137 + 1113. Calculate the remainder when z is divided by 24.
13
Let t(b) = -b**3 + 17*b**2 - 57*b + 18. What is the remainder when t(9) is divided by 76?
1
Let q be 1*(5 - 0) + 2. Let l = 164 - q. What is the remainder when l is divided by 16?
13
Let d(h) = 12*h + 149. Let w be d(-13). Let r(o) be the first derivative of -o**3/3 - 9*o**2/2 + 5*o + 2. Calculate the remainder when 56 is divided by r(w).
18
Let q(j) = -3*j - 6. Suppose -2*z = -4*n, 2*n = -5*z - n + 26. What is the remainder when q(-4) is divided by z?
2
Suppose 867 = -47*g + 64*g. What is the remainder when g is divided by 21?
9
Suppose -2*b = -5*b + 33. Let v be 6/33 - (-31)/b. Suppose -4*n - 61 = -v*k, -4*k + 5*n = -17 - 65. Calculate the remainder when k is divided by 8.
7
Suppose s - 8 = -5*a, -94 = -5*s - 0*a + 2*a. Let q = -6 - -10. Suppose q*g - 204 = 8. Calculate the remainder when g is divided by s.
17
Suppose -2*s = -l - 6, 4*s + 14*l - 9*l - 26 = 0. What is the remainder when s is divided by 3?
1
Let g = -743 + 507. Let v = g + 249. Calculate the remainder when 30*-5*(-2)/6 is divided by v.
11
Let z(n) = -7*n + 1. Let o be z(-4). Let f = o - 15. Calculate the remainder when 51 is divided by f.
9
Let x(j) = -j**2 - 5*j + 9. Let g be x(-6). Let z be (1 + 0)*g + 15. Suppose 0 = r - 3*r + z. What is the remainder when r is divided by 4?
1
Suppose -2*q = q - 6. Calculate the remainder when 21 is divided by ((-130)/(-20))/(q/4).
8
Let j(s) = s**3 - 6*s**2 + 2*s - 2. Calculate the remainder when 178 is divided by j(6).
8
Let u(j) = j**3 + 10*j**2 + 5*j - 1. Suppose 2*q + 27 = q. Let m = q - -19. Calculate the remainder when u(m) is divided by 22.
21
Suppose 2 = -b - 0*b, -107 = -3*u - 5*b. Let g = u - 14. Let j = -19 - -28. Calculate the remainder when g is divided by j.
7
Let x(